the first derivative of -35*x**3/3 - x**2/2 + 481. Determine j(-1).
-34
Let t(u) = -5*u - 13. Let k(z) = -7*z - 17. Let f(s) = -3*k(s) + 4*t(s). Let o = 13 - 17. Calculate f(o).
-5
Let b(y) be the third derivative of y**7/840 - y**6/72 + y**5/60 - 5*y**4/24 - 2*y**3 - 3*y**2. Let q(x) be the first derivative of b(x). Calculate q(5).
5
Let u(s) = -11*s - 16. Let x be u(-3). Let n(p) = 4 - x*p**3 + 5*p**3 - 5. Calculate n(1).
-13
Let u(g) be the third derivative of g**6/120 - 7*g**5/30 + g**4/2 + 11*g**3/6 + 57*g**2. What is u(13)?
-2
Let b(p) = -p + 14. Let y be b(11). Let f(j) = 5*j - 2. Let k(x) = 9*x - 4. Suppose -28 - 8 = -6*w. Let h(o) = w*k(o) - 11*f(o). Calculate h(y).
-5
Let o(u) = -4*u - 1. Suppose -35*g = -34*g + 8. Determine o(g).
31
Suppose -l + 8 = 6. Let i = -12 - -17. Let x(g) = -6*g + g**2 - 3*g**l + i + g**2. Calculate x(-5).
10
Suppose 7*m - 4*m + 2*p = -4, -3*m + 10 = -5*p. Let n(l) be the second derivative of m + 1/2*l**3 + 2*l + 0*l**2. Calculate n(-2).
-6
Let w(i) be the first derivative of -i**2/2 + 3*i + 4. Let r(t) = -t - 15. Let s be r(-20). Give w(s).
-2
Let v(n) = 2*n**2 + 3*n - 10. Let w(o) = 5*o**2 + 5*o - 21. Let t(l) = -7*v(l) + 3*w(l). Let x(r) = -r - 2. Let p be x(3). Let i be p + (5 - 2) - -7. Give t(i).
2
Let z(g) = -g**2 + 8*g - 7. Suppose -4*k = -k. Suppose -5*i + 37 = -k*o - 3*o, 0 = -i + 2*o + 6. Suppose 14 = a + i. What is z(a)?
5
Suppose 2*v - 3*v = 7. Let t = 8 + v. Let o(f) = t + 0 + 0 + 12*f - f**2 - 5*f. Calculate o(3).
13
Let h(o) = o**2 + 2*o + 7. Let v = 861 + -867. Calculate h(v).
31
Suppose 4*i + 8 = 0, 3*i - 1 = -5*c + 3. Let a(g) be the first derivative of -g**4/4 - g**3 + 2*g + 2. Calculate a(c).
-18
Let a(n) = -2*n + 9 + 0*n**3 - 9*n**2 - 4*n - 3*n**3 - 2*n**3 + 4*n**3. Suppose 10 = 5*x + 50. Give a(x).
-7
Let d(m) = -m**2 - 45*m + 619. Let o be d(-56). Let r(s) be the second derivative of s**4/12 - s**3/3 + s**2/2 + s. Calculate r(o).
4
Let n(t) = -375*t + 3 + 374*t - 4. What is n(-5)?
4
Let g(s) be the second derivative of -s**4/6 - s**3 - s**2/2 - 14*s. Let h be (0 + 1)/((-5)/(-15)). Let b be -1 + 4 - (h + 4). Calculate g(b).
-9
Let x(h) be the first derivative of h**3/3 - 2*h**2 + 3*h + 144. Give x(3).
0
Let m(w) be the second derivative of -w**8/2240 + w**7/840 + w**4/6 - w. Let g(i) be the third derivative of m(i). Let b = 86 + -84. Calculate g(b).
-12
Let z(s) = -5*s**3 - 4*s**2 - 1. Let c(h) be the second derivative of -h**5/20 - h**4/12 + 6*h. Let f(r) = 4*c(r) - z(r). Give f(-1).
0
Let i(h) be the second derivative of h**3/6 + 7*h**2/2 - 11*h. Let f(x) = 4*x + 17. Let b be f(-3). Give i(b).
12
Let z(j) = -j**2 - 10*j + 15. Let b(a) = a**3 - 3*a**2 - 26*a - 3. Let u be b(-4). Calculate z(u).
4
Let z = 669 - 675. Let h(w) = w**3 + 7*w**2 + 2*w + 4. Determine h(z).
28
Let s(u) = 15*u - 28. Let m(h) = -3*h + 5. Let y(w) = -11*m(w) - 2*s(w). What is y(5)?
16
Let d(a) = -1. Let j(m) = 2*m - 2. Let t(w) = 3*d(w) + j(w). Let g be (-4)/(3*3/(-18)). Suppose -g*p + 4*p = -16. Calculate t(p).
3
Let g(x) = x**2 + 7*x + 5. Suppose -6*z - 77 = -533. Let y = 72 - z. Determine g(y).
-7
Let o(k) be the second derivative of -1/3*k**3 + 1/3*k**4 - 6*k + 0 + 1/20*k**5 - 3*k**2. What is o(-5)?
-21
Suppose 4*x - 3*o = 249, -4*x + 251 = o - 2. Let n(c) = -x + 3*c - 60 + 123. Let l(z) = -7*z + 1. Let d(y) = 4*l(y) + 10*n(y). Calculate d(-4).
-4
Let g(h) be the first derivative of -h**3/3 - h**2 + h + 7. Let u = 632 + -635. Give g(u).
-2
Suppose 4*q + q = -10. Let k(r) be the first derivative of -15*r**2/2 - 2*r + 852. Calculate k(q).
28
Let z(q) = -3*q**3 + 3*q**2 - 5. Let p(w) = 4*w**3 - 3*w**2 + 6. Let v(y) = y**3 - 2*y**2 - 2*y + 1. Let d be v(2). Let b(f) = d*z(f) - 2*p(f). Determine b(3).
3
Let n(x) = -x**3 - 11*x**2 - 20*x - 13. Let y be n(-9). Let q(z) = -z**3 + 6*z**2 - 6*z + 8. Give q(y).
3
Let p(l) = l**3 + 9*l**2 + l - 4. Suppose -15*b - 160 = -25. Determine p(b).
-13
Suppose -2*o = 4*u - 2*u, -u = 5*o + 8. Let v(t) = -6*t**2 - 32*t + 30*t + 7*t**2 - 3 + 0*t**2. Give v(o).
5
Let d(f) = 4 - 5 - f + 6 + 7. Let l be 68/340 + (0 - (-78)/10). Determine d(l).
4
Let c(b) = 2 + 11*b - 3*b + 0*b. Let x(j) = j - 24. Let u be x(26). Determine c(u).
18
Let b(s) be the second derivative of -s**4/6 - s**3/6 + s**2 + 227*s. What is b(0)?
2
Let v(p) = -2*p**2 + 2*p + 2. Let x be v(2). Let s(a) = -33*a. Let w be s(-3). Let d(r) = r**2 - 2*r - w + 199 - 101. Determine d(x).
7
Let w be ((-2)/(-3))/((-2)/(-6)). Let v(x) = -x**w - 6*x - 2*x - 3 + 3*x + 7. What is v(-5)?
4
Suppose 2*h + b - 2 = 0, -4*h + 3*b - 16 = -0*b. Let q(k) be the third derivative of 0*k + 1/12*k**4 + 1/6*k**3 + 7*k**2 + 0. Calculate q(h).
-1
Let s(k) be the third derivative of -k**4/24 + k**3/2 + 2*k**2. Let r = -1324 + 1326. Calculate s(r).
1
Let q(b) = 58*b + 116. Let v be q(-2). Let m(f) = f - 15. Determine m(v).
-15
Let j(o) = 3*o**2 - 3*o. Suppose -31 = -2*a + 1. Suppose p = 5*p - a. Suppose -2*f + 12 = p*f. Calculate j(f).
6
Let c(k) be the third derivative of -k**5/20 - k**4/12 - k**3/6 + 80*k**2. Calculate c(1).
-6
Let f(c) = -c**2 - c - 4. Let r(h) = 5*h - 5. Let p be r(5). Let y(o) = o**2 - 13*o + 9. Let s be y(14). Let k = p - s. Give f(k).
-10
Let p(w) = w**2 + 22*w + 8. Let i be p(-22). Let m(l) = l + 10. Determine m(i).
18
Suppose -3*q = -0*q + 12. Let g be (4 + -1)*q/3. Let u(o) = -o + 9. Let x(n) = 3*n - 18. Let b(a) = 5*u(a) + 2*x(a). Determine b(g).
5
Suppose 4*p + 228 = 200. Let j(r) = -2*r**3 + 6*r**2 - 7 + 12*r + 5*r + 3*r**3 - 24*r. Give j(p).
-7
Let m(k) = -k. Suppose -6*q = -q - 315. Let s = 58 - q. What is m(s)?
5
Let h = -1031 + 1037. Let o(x) = x - 13. Give o(h).
-7
Let i = 4 - 1. Let y be -1*(-1 + -2 + i). Let d(l) = 3*l - 3. Let x(f) = 13*f - 11. Let h(j) = -9*d(j) + 2*x(j). Calculate h(y).
5
Let g(i) = -2 + 247*i - 122*i - 127*i. Give g(-2).
2
Let z(n) = n**2 - 25*n + 159. Let q be z(12). Let d(l) be the third derivative of 0 + 0*l + 1/12*l**4 + 5/6*l**q + 4*l**2. Give d(-4).
-3
Let c(r) = -r**2 - 2 - 6 - 3*r + 4 + 2*r + 5. Let x be (6/(-9))/(2/(-3)). Suppose 2 = -f - x. Determine c(f).
-5
Let i(n) = 7*n**2 + n - 1. Let x be i(1). Let m(z) = -6 + 0 + x - 6*z. Let s(w) = w + 3. Let l be s(-4). What is m(l)?
7
Let h(o) = o**3 + 29 - 31 - 7*o + 131*o**2 - 125*o**2. Determine h(-7).
-2
Let m(k) = -28*k**2 + 18. Let n(w) = 11*w**2 - w - 8. Let g(p) = -2*m(p) - 5*n(p). Let c = 6 + -12. Determine g(c).
10
Let x(m) = -m**3 - 3*m**2 - 2*m - 7. Let g(z) = 3*z + 0*z - 2 + 13 - 47. Let n be g(11). Determine x(n).
-1
Let n(g) = g**2 + g. Suppose 0 = w - 0*w - 8. Let c be (-9 - -5)*2/w. Let b = c - -2. Calculate n(b).
2
Let s(f) = f**2 - 12*f + 10. Let n be 1 - -18*(3 + 15/(-6)). Calculate s(n).
-10
Let k(u) = -5*u + 5*u + u**2. Suppose 4*l + 56 = -10*l. What is k(l)?
16
Let p(n) = -3*n**2 - 1. Let c(f) = -f**2 + 9*f - 7. Suppose -5*o - 17 = -2*g, 0*g - 4*o = -5*g. Let v = g + 12. Let i be c(v). Give p(i).
-4
Let j be (0 - 2)/(-2)*1. Let d(c) = -10*c + 3. Let b(g) = -6*g + 2. Let u(r) = 7*b(r) - 5*d(r). What is u(j)?
7
Let n = 4 - 2. Suppose -24 = -2*a - n*a. Let d(k) = 9 + 0*k - a - k. What is d(6)?
-3
Let p(x) be the second derivative of -11*x**6/720 + x**5/60 + 3*x**4/2 + 16*x. Let d(w) be the third derivative of p(w). Determine d(2).
-20
Suppose -4*z + 5*z = 4, 0 = -3*p + 3*z + 6. Let s(j) = j**2 - 3*j - 13. Determine s(p).
5
Let r(l) = 3*l**2 + l - 3. Let m be r(-2). Suppose -3 = -m*v + 11. Let w(z) = -3*z - 3. Let b(u) = -u - 1. Let n(k) = -7*b(k) + 2*w(k). Calculate n(v).
3
Let c = 56 + -51. Let p(h) = h**2 - 7*h - 1. Give p(c).
-11
Let b be 20/(-6 - -1) + (-1 - -3). Let l(d) = -d - 4. Give l(b).
-2
Let p(r) be the third derivative of r**5/60 - 7*r**4/24 - r**3 + 203*r**2. What is p(7)?
-6
Suppose -186*f = -187*f + 5. Let b(a) = -a**3 + 5*a**2 - 3*a - 2. What is b(f)?
-17
Let k = -1 + -7. Let t be (-12)/(-7) + k/(-28). Let n(c) = 1 - 3 - 5*c + 2*c + 9*c**2 - 11*c**t. What is n(-3)?
-11
Let w(f) be the first derivative of -27*f**4/4 + f**2/2 + 10. Determine w(1).
-26
Let g(b) = 3*b + 6. Suppose -481 = -10*f - 411. What is g(f)?
27
Let f(g) be the first derivative of g**3/3 + 3*g**2/2 + 2*g + 6. Let r = 4 + -4. Suppose -22 = s - 5*x, r + 6 = s + 2*x. What is f(s)?
0
Let o be 3/(-3) + -1 + 1 + 1. Let p be (-32)/(-14) 